-2*h + 20. Let p(y) = -y - 5. Let q(j) = f(j) + 5*p(j). Determine q(-4).
23
Let w(d) = -2*d**3 + 11*d**2 + 6*d - 3. Suppose -4*f - 3*n = 2*n - 44, -2*n + 8 = 0. Give w(f).
-3
Suppose 4*d - 5*u = -38, 5*d = 2*u - 13 - 26. Let g(p) = p + p + 7 + p. What is g(d)?
-14
Let n(a) = -a**2 + 3. Let j(l) = -2*l**2 + 20*l + 3. Let r(k) = j(k) - 3*n(k). Determine r(-20).
-6
Let q = 3 + -4. Suppose -1 = -5*p + 2*p - 2*a, 0 = 5*p + 4*a + 1. Let v(k) = -3*k + p*k + 0*k + k. Determine v(q).
-1
Let b(u) = u**2 - 5*u - 6. Suppose 2 = v + 4*g, -166*g = 2*v - 161*g - 7. What is b(v)?
0
Let a(p) be the third derivative of -p**5/60 - p**4/4 + p**3/2 - 2*p**2 - 57*p. Let n(s) = -s**3 - 5*s**2 - 3*s - 2. Let b be n(-4). What is a(b)?
3
Let m = 31 + -28. Let z(k) = 9*k**2 + 1. Let t be z(-1). Suppose 5 + t = -3*h, -4*g - 15 = m*h. Let n(v) = -v + 2. Determine n(g).
2
Let d(v) = 7*v**2 + v. Let r = 45 - 16. Suppose 30*n - r*n - 1 = 0. Give d(n).
8
Let x = -155 + 146. Let i(a) = -6*a + 15. Let u(p) = -3*p + 7. Let k(t) = x*u(t) + 4*i(t). What is k(-3)?
-12
Let i(z) = z**3 + 3*z**2 + 2. Suppose 2*h - 22 = -4*k, 5*k - 3*h - 2*h - 20 = 0. Suppose 3*c - k = -14. What is i(c)?
2
Let c(z) = -9*z + 8*z + 1 - z. Suppose 2*y + 24 = -2*y. Give c(y).
13
Let m(z) = -6*z + z**3 - 3*z**2 - 5*z**3 - 4 + 3 + 4*z**2 + 5*z. Give m(-2).
37
Let w(l) = 0*l + 5*l + l**2 - 1 + 2. Let u(t) = 3*t**2 + 21*t - 5. Let d be u(-7). Give w(d).
1
Let z(f) = -2*f**2 - f + 1. Let g(r) = -9*r**2 - 9*r + 2. Let d(k) = g(k) - 4*z(k). Give d(-4).
2
Let s(u) be the first derivative of -2*u**2 + 3*u + 3. Let f(k) = -k**2 + 11*k - 13. Let h be f(10). Calculate s(h).
15
Let l(n) = 6*n + 7. Let i(h) = 5*h + 6. Let o(v) = -5*i(v) + 4*l(v). Let g(t) = -9*t**2 + 5*t + 6. Let r be g(-3). Let x = r + 88. What is o(x)?
0
Let q = -3 + 3. Suppose -2*d + 12 + 0 = 0. Let w(n) = -n**3 + q + 2*n**3 + d*n**2 + n + 6. Calculate w(-6).
0
Let m(y) = -6*y - y**2 - 1 - 13*y + 17*y + y**3 + 4. Give m(2).
3
Let p(w) = 2 - 3 - w - w**2 + 3 + 3*w. Let z(b) = -b - 9. Let d be z(-11). Suppose i + 2*h = -7, 2*i + d*h + 9 = -h. Calculate p(i).
-1
Let f(k) = -k - 7. Let m(d) = -2*d - 44. Let x be m(-25). Let w = 2 - x. Calculate f(w).
-3
Let m(x) = 3*x + 4 - 57*x**3 + x**2 + 3*x**2 + 59*x**3. Determine m(-3).
-23
Let j(x) = 8*x + 11. Let v(t) = 5*t + 8. Let u(i) = 2*j(i) - 3*v(i). Let w(k) = -k**3 - 4*k**2 - 3*k. Let a be w(-3). What is u(a)?
-2
Let r(n) = -n. Suppose 0 = 4*q - 7 - 13. Let g be (-2)/q + (-2 - (-162)/30). Give r(g).
-3
Let r = 19 + -20. Let m(u) = -28*u + 1 + 60*u + 2*u**2 + 6*u**3 + 2*u**3 - 30*u. What is m(r)?
-7
Suppose 156*x = 158*x + 32. Let a(n) = n**2 + 18*n + 31. Give a(x).
-1
Let f(k) = k - 1. Suppose 6*v = 9*v - 3. Let i = v - 4. Give f(i).
-4
Let g be 24/2*4/12. Suppose g*m - h - 4*h - 8 = 0, -20 = -5*h. Let a(p) = p**2 - 7*p - 6. Determine a(m).
-6
Let p(s) be the first derivative of -5/2*s**2 - 3*s + 44. Determine p(-2).
7
Let x(c) = -c**2 + 10*c - 1. Let w be x(7). Suppose -4*o - o = w, 4*m + 16 = -5*o. Let r be 1/(4/(-8)*m). Let n(d) = 2*d**2 - 2*d. Determine n(r).
12
Let k(h) = -5*h**3 - 13*h**2 + 21*h - 9. Let y(g) = 13*g**3 + 40*g**2 - 60*g + 26. Let a(q) = 11*k(q) + 4*y(q). What is a(5)?
10
Let o = 150 + -158. Let y(k) = k**2 + 7*k + 3. What is y(o)?
11
Let b(w) = -7*w**3 - 2*w**2 - 9*w - 2. Let l(q) = -20*q**3 - 6*q**2 - 25*q - 6. Let f(u) = 8*b(u) - 3*l(u). Determine f(-1).
-3
Let k(v) = -v - 7. Let g = 793 - 803. What is k(g)?
3
Suppose -8 + 17 = 3*n. Suppose o - 4*o + n = -3*c, 0 = -c - 2*o + 2. Let q(p) = p - 5. Give q(c).
-5
Let h be ((-32)/6)/(16/(-24)). Suppose h = -4*n - 0. Let a(z) be the second derivative of -z**5/10 - z**4/4 - z**3/6 - 6*z. Calculate a(n).
6
Let u(v) be the third derivative of -v**4/24 + v**3/2 - 9*v**2. Let h be u(9). Let x(i) = 1 + i**2 + 7*i + 1 - 1. Give x(h).
-5
Suppose 0*s - 4*s + 8 = 0. Suppose s*d = d - 7. Let p(c) = -4*c**2 + 45*c + 9. Let w(b) = -b**2 + 12*b + 2. Let f(x) = 6*p(x) - 23*w(x). Determine f(d).
1
Let w(a) = a**2 - 11. Let y(p) = -2*p**3 + 17*p**2 + 24*p - 135. Let g be y(9). What is w(g)?
-11
Let h(l) = -l + 10. Suppose -5 = 2*m + 3. Let t(u) = -u**2 - 5*u - 4. Let r be t(m). Calculate h(r).
10
Let c(o) = -o**2 + 20*o + 48. Let q be c(22). Let t(d) = 4*d**3 + d**2 - 3*d + 5. Let z(w) = -5*w**3 + 3*w - 5. Let f(n) = q*t(n) + 3*z(n). Calculate f(-5).
-5
Let q(v) = -v + v**2 - 2*v**2 - 7*v**2 - 68 + 69. Calculate q(1).
-8
Let o(a) be the first derivative of -a**3 + 0*a - 6 - 7/2*a**2 + 5/24*a**4. Let d(z) be the second derivative of o(z). Determine d(4).
14
Let u(s) = -s**3 + 5*s**2 - 5*s + 39. Let g(c) = c**3 - 6*c**2 + 6*c - 41. Let k(w) = 6*g(w) + 7*u(w). Calculate k(0).
27
Let q be (-216)/28 - (-2)/(-7). Let i = q + 5. Let n(x) = -x**2 - 6*x + 1. Let h(y) = y**2 + 7*y - 2. Let d(p) = 2*h(p) + 3*n(p). Calculate d(i).
2
Let p(s) be the second derivative of -s + 1/20*s**5 + 5/12*s**4 - 5/2*s**2 + 2/3*s**3 + 0. Calculate p(-4).
-5
Let m(a) be the third derivative of a**5/60 - a**4/12 + a**3/2 + 556*a**2. Give m(4).
11
Let t(p) = -3*p + 1. Let c(m) = m. Let a(x) = 5*c(x) + t(x). Let z(r) = r**3 - 4*r**2 - 5*r - 5. Let k be z(5). Let n = -6 - k. What is a(n)?
-1
Suppose 2*h + 2*f = -3*f - 11, 5*h = -2*f + 25. Let v(l) = -h - 3 + 7 + l. What is v(3)?
0
Let u be (154/(-33))/((-14)/21). Let a(k) = k**2 - 6*k - 8. Calculate a(u).
-1
Suppose 0 = -5*r + a + 20, a = 3*r - 4*a - 34. Suppose 5*f - 7 - r = 5*m, -m - f + 2 = 0. Let u(p) = -2 + 0 + 1 + p**3. Calculate u(m).
-1
Let t(q) = 3*q**2 - 14*q**2 + 6*q**2 + 7 + q**3 - 7*q. Let y(m) = 3*m - 4. Let s be y(4). Let o(k) = k**2 - 8*k + 6. Let f be o(s). What is t(f)?
1
Let l(p) = 3*p**2 + p - 4. Let u(x) = x**2 - 7*x + 2. Let s be u(7). Let a be l(s). Suppose -a = -c - c. Let r(b) = b**2 - 5*b + 5. What is r(c)?
5
Let b be (2 - 1)/(2 - 1). Let m(g) be the third derivative of -2*g**6/15 + g**5/60 - g**4/24 + 2*g**2 + 1. Calculate m(b).
-16
Suppose 5*q + 4*y + 14 = 0, 0 = -2*q - 12*y + 8*y + 4. Let b(l) = l - 14. Give b(q).
-20
Let i(g) = g + 6. Let k(p) be the first derivative of -p**5/40 + p**4/4 + p**3 - 4. Let y(m) be the third derivative of k(m). Let c be y(4). Calculate i(c).
0
Let r(s) = 3 + 8 + s + 5*s**2 - 4*s**2. Suppose 0*a = 5*i + 5*a + 435, -385 = 5*i - 5*a. Let q = -82 - i. Give r(q).
11
Let v(x) = -x - 5. Suppose 13*k = -141 + 11. Give v(k).
5
Let i(w) be the second derivative of -w**5/20 + w**4/4 + w**3/2 - w**2 + 10*w. Let h = -25 - -28. What is i(h)?
7
Let n(p) = 100*p**2 - 197*p**2 + 96*p**2 - 2 - 14*p**3 - 2*p. Determine n(-1).
13
Suppose 5*x - 2*g = 10*x + 16, x = 4*g + 10. Let u(b) = -b**2 - b + 1. What is u(x)?
-1
Suppose -200*s = 2*y - 195*s - 29, -25 = -5*s. Let p(r) = -4*r + 2. Calculate p(y).
-6
Suppose -91 + 64 = 3*t. Let w(l) = -l**3 - 9*l**2 + l + 5. Determine w(t).
-4
Let h(g) be the first derivative of -g**4/4 + g**3/3 - 2*g + 37. Let s be (1 - 2)*1 + -1. Let k be 5/10 + s/4. Determine h(k).
-2
Suppose -3*b = y - 5, 1 = -2*y + b - 10. Let k(c) = 3*c + 3. Let n(x) = 2 - 5 - 2 + 6. Let h(f) = y*n(f) + k(f). What is h(-1)?
-4
Let z = 1708 - 1713. Let t(n) = -2*n + 1. Determine t(z).
11
Let i(m) = -11*m + 5. Let n(x) = -34*x + 17. Let y(v) = 7*i(v) - 2*n(v). Give y(3).
-26
Let j(i) = -i - 2. Suppose -3*r = -7 - 5. Let v(z) = 3*z. Let s be v(r). Let c = -5 + s. What is j(c)?
-9
Suppose -4*t - 2*d = 0, -3*t - d = -3*d + 7. Let m(o) = 18*o - 1 - 22*o - 14*o. Give m(t).
17
Let z(p) = -p**2 + 8*p - 16. Suppose 194*s - 45 = 179*s. What is z(s)?
-1
Let v(i) be the second derivative of 1/4*i**4 + 1/6*i**3 + 0*i**2 + 16*i + 0. Give v(1).
4
Let z(n) be the first derivative of 25 - 1/4*n**4 - 3*n - 2*n**2 - 2/3*n**3. Give z(-2).
5
Let n(d) = -10 - 10 - 13*d**2 + d**3 + 4 - 4*d**3 + 2*d**3 - 13*d. What is n(-12)?
-4
Suppose 0*p = -5*p + 15. Let v be (-6)/(0 - p/(-3)). Let l(f) = f - 10*f + 8*f - 5. Give l(v).
1
Let m = -5 + 5. Let u(i) = m*i + 8*i - 8*i - 1 - i. Determine u(5).
-6
Let v(z) be the first derivative of z**4/4 - z**3/6 + 17*z**2 - 31. Let m(n) be the second derivative of v(n). Suppose -1 = -0*y - y. Determine m(y).
5
Suppose -4*t - t - 3*g = 47, 4*g + 6 = -t. Let k be 6/15 + (-16)/t. Let z(b) be the third derivative of b**5/60 - b**4/24 + b**3/3 - 4*b**2. Determine z(k).
4
Let h(g) = g